alculate the remainder when 249 is divided by 109.
31
Calculate the remainder when 1883 is divided by 21.
14
What is the remainder when 88 is divided by 14?
4
Calculate the remainder when 439 is divided by 21.
19
What is the remainder when 932 is divided by 464?
4
What is the remainder when 277 is divided by 28?
25
What is the remainder when 305 is divided by 103?
99
What is the remainder when 667 is divided by 48?
43
What is the remainder when 917 is divided by 18?
17
What is the remainder when 276 is divided by 87?
15
What is the remainder when 5098 is divided by 3?
1
Calculate the remainder when 301 is divided by 88.
37
What is the remainder when 1260 is divided by 251?
5
Calculate the remainder when 19 is divided by 8.
3
Calculate the remainder when 225 is divided by 19.
16
What is the remainder when 144 is divided by 21?
18
What is the remainder when 371 is divided by 6?
5
What is the remainder when 6743 is divided by 39?
35
What is the remainder when 12884 is divided by 49?
46
Calculate the remainder when 186 is divided by 33.
21
Calculate the remainder when 107336 is divided by 77.
75
What is the remainder when 1078 is divided by 18?
16
What is the remainder when 271 is divided by 17?
16
Calculate the remainder when 131 is divided by 9.
5
Calculate the remainder when 756 is divided by 152.
148
What is the remainder when 2671 is divided by 16?
15
What is the remainder when 29 is divided by 1?
0
What is the remainder when 1019 is divided by 15?
14
Calculate the remainder when 114 is divided by 29.
27
Calculate the remainder when 769 is divided by 155.
149
What is the remainder when 615 is divided by 10?
5
What is the remainder when 432 is divided by 147?
138
Calculate the remainder when 262 is divided by 122.
18
Calculate the remainder when 182 is divided by 92.
90
What is the remainder when 132 is divided by 5?
2
What is the remainder when 235 is divided by 112?
11
Calculate the remainder when 255 is divided by 43.
40
Calculate the remainder when 1238 is divided by 124.
122
What is the remainder when 96 is divided by 14?
12
Calculate the remainder when 266 is divided by 25.
16
What is the remainder when 1498 is divided by 1485?
13
Calculate the remainder when 2973 is divided by 40.
13
What is the remainder when 200 is divided by 29?
26
Calculate the remainder when 1483 is divided by 494.
1
What is the remainder when 48462 is divided by 13?
11
Calculate the remainder when 206 is divided by 9.
8
Calculate the remainder when 284 is divided by 19.
18
Calculate the remainder when 189 is divided by 8.
5
What is the remainder when 36 is divided by 17?
2
Calculate the remainder when 28 is divided by 2.
0
Calculate the remainder when 224 is divided by 25.
24
Calculate the remainder when 921 is divided by 232.
225
What is the remainder when 194 is divided by 43?
22
What is the remainder when 41873 is divided by 14?
13
Calculate the remainder when 123 is divided by 61.
1
What is the remainder when 2133 is divided by 216?
189
Calculate the remainder when 131 is divided by 44.
43
Calculate the remainder when 1572 is divided by 8.
4
What is the remainder when 693 is divided by 188?
129
Calculate the remainder when 567 is divided by 556.
11
What is the remainder when 6775 is divided by 11?
10
What is the remainder when 12416 is divided by 60?
56
Calculate the remainder when 218 is divided by 16.
10
Calculate the remainder when 620 is divided by 14.
4
Calculate the remainder when 268 is divided by 78.
34
What is the remainder when 132 is divided by 93?
39
What is the remainder when 202 is divided by 51?
49
Calculate the remainder when 236 is divided by 10.
6
Calculate the remainder when 293 is divided by 81.
50
What is the remainder when 3402 is divided by 242?
14
Calculate the remainder when 2363 is divided by 11.
9
Calculate the remainder when 271 is divided by 13.
11
Calculate the remainder when 462 is divided by 91.
7
Calculate the remainder when 267 is divided by 15.
12
What is the remainder when 3174 is divided by 25?
24
Calculate the remainder when 24 is divided by 3.
0
What is the remainder when 108 is divided by 56?
52
What is the remainder when 355 is divided by 211?
144
Calculate the remainder when 162 is divided by 94.
68
Calculate the remainder when 5926 is divided by 423.
4
What is the remainder when 1802 is divided by 29?
4
Calculate the remainder when 171 is divided by 58.
55
Calculate the remainder when 2963 is divided by 38.
37
What is the remainder when 175 is divided by 25?
0
What is the remainder when 141 is divided by 25?
16
What is the remainder when 341 is divided by 23?
19
Calculate the remainder when 2633 is divided by 16.
9
Calculate the remainder when 1187 is divided by 66.
65
What is the remainder when 509 is divided by 500?
9
What is the remainder when 1436 is divided by 48?
44
Calculate the remainder when 1852 is divided by 84.
4
What is the remainder when 74 is divided by 16?
10
What is the remainder when 2915 is divided by 54?
53
What is the remainder when 67 is divided by 31?
5
Calculate the remainder when 5262 is divided by 19.
18
Calculate the remainder when 1892 is divided by 24.
20
What is the remainder when 566 is divided by 37?
11
What is the remainder when 542 is divided by 97?
57
What is the remainder when 10068 is divided by 27?
24
Calculate the remainder when 96 is divided by 42.
12
Calculate the remainder when 202 is divided by 41.
38
Calculate the remainder when 2180 is divided by 723.
11
Calculate the remainder when 36 is divided by 13.
10
Calculate the remainder when 2261 is divided by 151.
147
What is the remainder when 3693 is divided by 44?
41
What is the remainder when 6256 is divided by 11?
8
What is the remainder when 830 is divided by 14?
4
Calculate the remainder when 2974 is divided by 16.
14
Calculate the remainder when 600 is divided by 68.
56
Calculate the remainder when 87 is divided by 10.
7
What is the remainder when 4666 is divided by 3?
1
Calculate the remainder when 4132 is divided by 276.
268
Calculate the remainder when 417 is divided by 7.
4
What is the remainder when 107 is divided by 56?
51
Calculate the remainder when 30 is divided by 22.
8
What is the remainder when 361 is divided by 92?
85
Calculate the remainder when 356 is divided by 332.
24
Calculate the remainder when 269 is divided by 10.
9
What is the remainder when 399 is divided by 67?
64
Calculate the remainder when 1359 is divided by 29.
25
Calculate the remainder when 379 is divided by 38.
37
Calculate the remainder when 75 is divided by 15.
0
Calculate the remainder when 867 is divided by 6.
3
Calculate the remainder when 160 is divided by 82.
78
What is the remainder when 126 is divided by 33?
27
What is the remainder when 63 is divided by 56?
7
Calculate the remainder when 2103 is divided by 81.
78
What is the remainder when 1868 is divided by 156?
152
Calculate the remainder when 535 is divided by 512.
23
What is the remainder when 1337 is divided by 239?
142
Calculate the remainder when 146 is divided by 76.
70
What is the remainder when 498 is divided by 172?
154
What is the remainder when 157 is divided by 40?
37
What is the remainder when 67 is divided by 28?
11
Calculate the remainder when 553 is divided by 45.
13
Calculate the remainder when 606 is divided by 38.
36
Calculate the remainder when 1547 is divided by 58.
39
What is the remainder when 110 is divided by 28?
26
Calculate the remainder when 254 is divided by 44.
34
What is the remainder when 325 is divided by 160?
5
Calculate the remainder when 259 is divided by 71.
46
What is the remainder when 2976 is divided by 120?
96
What is the remainder when 157 is divided by 85?
72
What is the remainder when 180 is divided by 104?
76
What is the remainder when 285 is divided by 13?
12
What is the remainder when 345 is divided by 84?
9
What is the remainder when 3902 is divided by 21?
17
What is the remainder when 5872 is divided by 125?
122
Calculate the remainder when 399 is divided by 50.
49
What is the remainder when 974 is divided by 139?
1
Calculate the remainder when 2354 is divided by 23.
8
Calculate the remainder when 519 is divided by 58.
55
What is the remainder when 246 is divided by 33?
15
What is the remainder when 2359 is divided by 588?
7
W